e 148?
True
Is 19980 a multiple of 108?
True
Is 29 a factor of 2059?
True
Is 290 a multiple of 2?
True
Does 46 divide 4462?
True
Is 7 a factor of 95?
False
Does 35 divide 849?
False
Is 41 a factor of 122?
False
Is 804 a multiple of 40?
False
Is 14 a factor of 854?
True
Does 15 divide 1797?
False
Does 76 divide 5040?
False
Is 4435 a multiple of 5?
True
Is 420 a multiple of 6?
True
Is 11 a factor of 5476?
False
Is 125 a multiple of 25?
True
Is 15 a factor of 6735?
True
Is 250 a factor of 120500?
True
Is 2235 a multiple of 21?
False
Is 116 a factor of 3132?
True
Is 28334 a multiple of 45?
False
Does 9 divide 331?
False
Does 112 divide 13216?
True
Does 14 divide 3108?
True
Is 1381 a multiple of 7?
False
Is 3701 a multiple of 63?
False
Is 304 a multiple of 76?
True
Is 22 a factor of 14835?
False
Does 3 divide 349?
False
Is 40 a factor of 3310?
False
Is 25 a factor of 3800?
True
Is 1168 a multiple of 3?
False
Is 105 a factor of 55560?
False
Does 8 divide 88784?
True
Does 5 divide 40?
True
Is 13 a factor of 897?
True
Is 651 a multiple of 93?
True
Does 17 divide 391?
True
Is 1229 a multiple of 23?
False
Is 3231 a multiple of 103?
False
Is 9274 a multiple of 5?
False
Is 22 a multiple of 2?
True
Does 131 divide 22794?
True
Does 147 divide 6145?
False
Is 3 a factor of 6252?
True
Is 10664 a multiple of 62?
True
Is 78 a factor of 8392?
False
Is 6670 a multiple of 29?
True
Is 6586 a multiple of 10?
False
Is 47 a factor of 3196?
True
Is 1440 a multiple of 36?
True
Is 12 a factor of 4010?
False
Does 54 divide 1341?
False
Is 364 a multiple of 4?
True
Is 87038 a multiple of 14?
True
Does 47 divide 329?
True
Is 2444 a multiple of 94?
True
Does 5 divide 3322?
False
Is 2 a factor of 2167?
False
Is 4935 a multiple of 13?
False
Is 3650 a multiple of 50?
True
Does 32 divide 7044?
False
Is 609 a multiple of 29?
True
Is 12960 a multiple of 20?
True
Is 1660 a multiple of 6?
False
Is 228 a multiple of 4?
True
Does 23 divide 1150?
True
Is 9 a factor of 23992?
False
Is 15 a factor of 4920?
True
Is 7085 a multiple of 109?
True
Does 49 divide 2107?
True
Is 18 a factor of 38520?
True
Does 8 divide 240?
True
Is 12 a factor of 888?
True
Is 3 a factor of 61?
False
Is 9 a factor of 3888?
True
Does 51 divide 15759?
True
Does 10 divide 80?
True
Does 47 divide 65236?
True
Is 1611 a multiple of 134?
False
Is 12 a factor of 893?
False
Is 10 a factor of 28150?
True
Is 10498 a multiple of 70?
False
Is 181 a factor of 21717?
False
Is 5 a factor of 5800?
True
Is 28250 a multiple of 10?
True
Is 71355 a multiple of 16?
False
Does 33 divide 594?
True
Does 47 divide 19062?
False
Does 32 divide 19968?
True
Does 10 divide 1598?
False
Is 45424 a multiple of 136?
True
Is 22 a factor of 3652?
True
Does 67 divide 57017?
True
Is 4786 a multiple of 9?
False
Is 36 a factor of 14616?
True
Is 10 a factor of 33705?
False
Is 81176 a multiple of 11?
False
Does 87 divide 435?
True
Is 62 a factor of 4092?
True
Is 7784 a multiple of 56?
True
Is 1116 a multiple of 3?
True
Is 6624 a multiple of 18?
True
Is 11367 a multiple of 27?
True
Is 7 a factor of 84?
True
Is 924 a multiple of 11?
True
Is 10 a factor of 940?
True
Is 9 a factor of 153?
True
Is 7 a factor of 8984?
False
Is 358 a factor of 66749?
False
Is 26 a multiple of 13?
True
Is 3157 a multiple of 11?
True
Is 152 a factor of 8360?
True
Is 30222 a multiple of 138?
True
Does 6 divide 66120?
True
Is 4956 a multiple of 54?
False
Is 14 a factor of 1029?
False
Does 90 divide 5584?
False
Is 82 a factor of 2050?
True
Does 27 divide 334?
False
Does 4 divide 148?
True
Does 61 divide 12193?
False
Does 14 divide 2562?
True
Is 94 a factor of 29798?
True
Is 6132 a multiple of 21?
True
Is 216 a factor of 44272?
False
Is 5668 a multiple of 8?
False
Is 13 a factor of 5941?
True
Does 5 divide 15105?
True
Is 185 a multiple of 37?
True
Does 62 divide 3720?
True
Does 14 divide 1176?
True
Is 567 a multiple of 63?
True
Does 26 divide 19167?
False
Does 18 divide 954?
True
Is 3 a factor of 6568?
False
Is 24 a multiple of 12?
True
Is 38896 a multiple of 176?
True
Is 15 a factor of 6937?
False
Does 21 divide 378?
True
Is 44 even?
True
Is 24440 a multiple of 188?
True
Is 14 a factor of 158?
False
Is 29 a factor of 1290?
False
Does 113 divide 12204?
True
Is 13 a factor of 70754?
False
Is 2827 a multiple of 52?
False
Is 22 a factor of 397?
False
Does 7 divide 335?
False
Does 11 divide 256?
False
Is 87 a factor of 3132?
True
Does 67 divide 603?
True
Is 19 a factor of 228?
True
Is 83351 a multiple of 31?
False
Does 24 divide 269?
False
Is 411 a multiple of 17?
False
Is 99 a factor of 4209?
False
Does 9 divide 545?
False
Is 2028 a multiple of 4?
True
Is 13160 a multiple of 29?
False
Does 8 divide 15072?
True
Is 610 a multiple of 61?
True
Does 2 divide 6843?
False
Does 14 divide 8127?
False
Is 1651 a multiple of 13?
True
Is 140 a multiple of 4?
True
Does 23 divide 110419?
False
Does 25 divide 2922?
False
Is 8848 a multiple of 56?
True
Is 15092 a multiple of 44?
True
Is 998 a multiple of 7?
False
Is 2 a factor of 122?
True
Does 53 divide 1296?
False
Is 23 a factor of 11937?
True
Is 7 a factor of 969?
False
Does 97 divide 17777?
False
Is 1045 a multiple of 26?
False
Does 18 divide 22778?
False
Is 12 a factor of 14780?
False
Is 30 a factor of 1017?
False
Does 10 divide 460?
True
Is 1359 a multiple of 13?
False
Is 39 a factor of 35724?
True
Is 12 a factor of 276?
True
Is 40524 a multiple of 11?
True
Is 180 a factor of 10167?
False
Does 237 divide 132003?
False
Does 25 divide 50?
True
Does 122 divide 10248?
True
Does 6 divide 2226?
True
Does 13 divide 39328?
False
Is 1100 a multiple of 22?
True
Is 150 a multiple of 25?
True
Does 43 divide 2576?
False
Does 136 divide 680?
True
Does 10 divide 190?
True
Does 102 divide 22537?
False
Is 8684 a multiple of 13?
True
Is 2 a factor of 16994?
True
Does 12 divide 29653?
False
Is 7 a factor of 2567?
False
Is 5 a factor of 46?
False
Does 102 divide 20502?
True
Is 6 a factor of 1152?
True
Does 2 divide 10?
True
Is 341 a multiple of 31?
True
Is 24022 a multiple of 8?
False
Is 33 a factor of 44756?
False
Is 407 a multiple of 20?
False
Is 56 a factor of 62?
False
Is 19465 a multiple of 165?
False
Is 36 a factor of 48?
False
Is 6 a factor of 1067?
False
Is 2212 a multiple of 158?
True
Is 80 a multiple of 16?
True
Does 3 divide 328?
False
Is 6 a factor of 642?
True
Is 11 a factor of 3297?
False
Is 57304 a multiple of 113?
False
Is 52675 a multiple of 137?
False
Is 16138 a multiple of 87?
False
Does 28 divide 980?
True
Does 25 divide 2889?
False
Does 131 divide 9039?
True
Does 11 divide 1947?
True
Is 22 a factor of 198?
True
Does 6 divide 54?
True
Is 10 a factor of 2033?
False
Is 2 a factor of 119?
False
Is 3053 a multiple of 91?
False
Is 16059 a multiple of 18?
False
Is 31429 a multiple of 194?
False
Does 11 divide 25146?
True
Does 15 divide 164?
False
Is 12 a factor of 473?
False
Does 6 divide 10062?
True
Is 4 a factor of 1038?
False
Is 7 a factor of 154?
True
Is 5 a factor of 1099?
False
Is 14 a factor of 4752?
False
Is 539 a multiple of 7?
True
Is 688 a multiple of 109?
False
Is 27 a factor of 3294?
True
Is 6490 a multiple of 5?
True
Is 5598 a multiple of 9?
True
Is 90 a multiple of 11?
False
Is 236 a multiple of 16?
False
Is 34 a factor of 1258?
True
Is 7230 a multiple of 39?
False
Is 2 a factor of 133?
False
Is 13 a factor of 2097?
False
Is 598 a multiple of 108?
False
Is 69568 a multiple of 16?
True
Is 489 a multiple of 14?
False
Is 1256 a multiple of 8?
True
Is 37 a factor of 6586?
True
Is 3185 a multiple of 81?
False
Is 16 a factor of 12183?
False
Does 29 divide 61273?
False
Does 17 divide 340?
True
Does 149 divide 14304?
True
Is 59870 a multiple of 97?
False
Is 2842 a multiple of 14?
True
Does 31 divide 696?
False
Does 18 divide 80?
False
Is 12228 a multiple of 16?
False
Is 1042 a multiple of 5?
False
Is 33 a multiple of 33?
True
Is 33897 a multiple of 54?
False
Is 12064 a multiple of 13?
True
Is 7890 a multiple of 3?
True
Is 5 a factor of 10357?
False
Does 74 divide 3026?
False
Is 1188 a multiple of 36?
True
Does 20 divide 4920?
True
Is 531 a multiple of 9?
True
Is 387 a multiple of 5?
False
Is 82929 a multiple of 9?
False
Does 13 divide 221?
True
Is 64169 a multiple of 11?
False
Does 72 divide 19800?
True
Does 32 divide 864?
True
Is 29 a multiple